Calculate q(5).
-59
Let u(q) = 83*q + 76. Calculate u(-1).
-7
Let q(x) = x - 13. What is q(-5)?
-18
Let c(b) = -b**3 - 3*b + 3. Give c(1).
-1
Let w(g) = 15*g - 3. Determine w(-4).
-63
Let s(v) = v**3 + v**2 - v - 8. What is s(0)?
-8
Let s(y) = -6*y + 116. Give s(22).
-16
Let j(x) = 2*x - 10. Give j(7).
4
Let g(r) = r + 11. Calculate g(-5).
6
Let g(o) = o**2 + 9*o + 22. Give g(-7).
8
Let z(r) = -2*r - 7. What is z(-7)?
7
Let i(f) = -44*f - 3. Calculate i(1).
-47
Let i(y) = -3*y**2 - 20*y + 23. Give i(-8).
-9
Let g(m) = -m**3 - 10*m**2 + 13*m - 12. Determine g(-11).
-34
Let n(p) = p**3 + 13*p**2 + 11*p - 4. Give n(-12).
8
Let j(f) = -f**2 + 14*f + 21. Give j(14).
21
Let v(a) = a**2 + 2*a + 56. Determine v(0).
56
Let c(g) = g**2 + 10*g - 17. What is c(-11)?
-6
Let d(w) = -46*w + 92. Calculate d(2).
0
Let v(t) = -17*t - 1. Give v(-2).
33
Let h(w) = -2*w**2 + 2*w. Determine h(-4).
-40
Let z(l) = -l**2 - 7*l + 3. Give z(-6).
9
Let p(n) = 145*n - 285. Determine p(2).
5
Let h(d) = -d**2 - 11*d + 20. Determine h(-14).
-22
Let h(o) = 11*o - 159. What is h(13)?
-16
Let v(u) = u**3 - 16*u**2 + 2*u - 26. What is v(16)?
6
Let v(x) = -7*x + 5. Determine v(9).
-58
Let y(f) = -f**2 - f + 10. Calculate y(-8).
-46
Let x(o) = o**3 - 3*o**2 - 12*o + 8. Determine x(6).
44
Let y(u) = u**3 + 7*u**2 + 7*u + 53. What is y(-7)?
4
Let a(z) = z**2 + 34*z + 261. Give a(-11).
8
Let s(t) = 7*t - 7. What is s(-3)?
-28
Let c(k) = 2*k**3 + 30*k**2 + 29*k + 20. Calculate c(-14).
6
Let j(v) = v**2 + 11*v - 17. Give j(-11).
-17
Let s(h) = 3*h - 1. Give s(8).
23
Let c(u) = -u**2 + 2*u - 3. What is c(-3)?
-18
Let d(k) = k**2 - 14*k - 10. Determine d(14).
-10
Let m(s) = -2*s - 2. Give m(1).
-4
Let c(w) = -2*w**2 - 16*w - 14. Give c(-7).
0
Let i(q) = -q**2 - 12*q - 5. Calculate i(-9).
22
Let r(w) = -w**3 - w**2 + 5*w + 6. Determine r(-3).
9
Let b(y) = 2*y**3 + 56*y**2 + 3*y + 81. What is b(-28)?
-3
Let m(f) = 24*f + 2. Give m(-1).
-22
Let x(y) = -27*y - 264. Determine x(-10).
6
Let m(x) = -29*x - 2. What is m(-2)?
56
Let o(q) = q**3 + 5*q**2 - 4*q + 8. Determine o(-6).
-4
Let a(w) = -w**3 + 12*w**2 - 4*w + 41. What is a(12)?
-7
Let o(f) = -14*f**3 + f**2 + 2*f. Give o(-1).
13
Let p(k) = 2*k**3 + 18*k**2 - 48*k - 37. Give p(-11).
7
Let r(a) = 2*a**2 - a + 1. Determine r(2).
7
Let h(o) = -o**3 + 10*o**2 - 8*o + 96. Calculate h(10).
16
Let f(h) = h**3 + 36*h**2 - 37*h + 7. Calculate f(-37).
7
Let o(c) = -c**3 + 9*c**2 - 4*c - 10. Calculate o(6).
74
Let c(n) = 6*n**2 - 40*n - 2. What is c(7)?
12
Let n(v) = 2*v**3 - 13*v**2 + 6*v - 6. Determine n(6).
-6
Let o(u) = -2*u**3 + 41*u**2 + 20*u + 6. Give o(21).
-15
Let x(t) = -t**3 - 24*t**2 - 98*t - 63. What is x(-19)?
-6
Let u(o) = -o**2 - 66*o - 250. What is u(-4)?
-2
Let q(p) = p**3 + 20*p**2 + 18*p - 5. What is q(-19)?
14
Let h(q) = q**2 + 10*q - 7. Calculate h(-10).
-7
Let d(n) = n**3 + 2*n**2 - 2*n + 7. What is d(-4)?
-17
Let x(f) = 3*f**2 - f - 2. Calculate x(3).
22
Let b(d) = 4*d + 8. What is b(-13)?
-44
Let h(t) = t**2 - 8*t + 1. Determine h(10).
21
Let u(t) = -2*t**2 - 101*t - 41. Determine u(-50).
9
Let j(o) = 2*o - 11. Calculate j(0).
-11
Let w(g) = g**2 - 13*g + 16. What is w(6)?
-26
Let s(g) = -5*g + 30. Give s(7).
-5
Let c(q) = -30*q - 505. Give c(-17).
5
Let s(v) = v**2 + 5*v - 8. Determine s(-8).
16
Let w(c) = -c**3 + c**2 + 14. Give w(0).
14
Let m(j) = -j**3 + 6*j**2 + 5*j + 10. Give m(7).
-4
Let l(n) = -4*n + 10. Calculate l(-7).
38
Let c(d) = 99*d - 204. Calculate c(2).
-6
Let s(v) = v**3 - 6*v**2 - 30*v + 158. Give s(4).
6
Let p(l) = l**3 - 7*l**2 + l - 10. What is p(7)?
-3
Let p(j) = -j**3 + 5*j**2 - 5*j + 4. Give p(4).
0
Let v(w) = -w**3 + 4*w**2 + w + 8. Give v(4).
12
Let y(h) = -h**2 - 13*h - 21. Calculate y(-12).
-9
Let q(t) = 15*t - 1. What is q(-7)?
-106
Let h(i) = 3*i**2 - 13*i - 33. Determine h(-6).
153
Let c(w) = 49*w - 596. What is c(12)?
-8
Let w(t) = 3*t**2 - 20*t + 2. What is w(6)?
-10
Let n(c) = c**3 + 5*c**2 - 3*c - 5. What is n(-4)?
23
Let w(f) = 15*f**3 + f**2 + f + 1. What is w(-1)?
-14
Let b(d) = d**3 - 7*d**2 + 14*d - 8. What is b(5)?
12
Let i(c) = -96*c - 192. What is i(-2)?
0
Let k(z) = z**3 - 2*z**2 - 4*z + 21. Give k(0).
21
Let u(g) = g**3 - 10*g**2 - 15*g + 5. Calculate u(11).
-39
Let y(f) = -16*f**2 - f + 1. Determine y(1).
-16
Let q(j) = -j**2 - 25. Give q(0).
-25
Let i(z) = z**3 - 8*z**2 + 4*z + 5. Calculate i(5).
-50
Let m(l) = 4*l**2 - 7*l + 2. Give m(2).
4
Let y(d) = d + 13. Calculate y(-18).
-5
Let t(w) = 16*w**2 + 5*w + 4. Give t(-2).
58
Let f(d) = d**2 - 6*d - 1. Give f(6).
-1
Let y(x) = 5*x + 22. Calculate y(-5).
-3
Let c(q) = q**3 - 15*q**2 + q - 19. Calculate c(15).
-4
Let r(b) = -8*b + 88. Give r(8).
24
Let a(q) = -6*q + 40. Calculate a(10).
-20
Let s(c) = -c**3 - 7*c**2 + c + 5. Determine s(-7).
-2
Let i(c) = -c**3 + 34*c**2 + 6*c - 205. What is i(34)?
-1
Let k(x) = -x**3 - 7*x**2 + 4*x + 4. Calculate k(-8).
36
Let w(x) = -x**2 + 15*x - 60. Calculate w(5).
-10
Let c(r) = 9*r + 69. Calculate c(-7).
6
Let s(o) = -81*o - 81. Give s(-1).
0
Let o(b) = -b**2 + 10*b - 15. Give o(6).
9
Let z(h) = h**2 + 3*h - 38. Give z(-6).
-20
Let k(q) = q**3 - 9*q**2 - 4*q + 22. Give k(9).
-14
Let u(i) = i**3 - 13*i**2 - 13*i - 15. What is u(14)?
-1
Let k(z) = 2*z + 71. Calculate k(-35).
1
Let w(u) = 2*u**2 + 12*u + 12. Calculate w(-5).
2
Let z(b) = 15*b - 36. Determine z(2).
-6
Let m(s) = s**3 - 14*s**2 + 11*s + 25. Calculate m(13).
-1
Let k(f) = f**3 + 11*f**2 + 19*f - 3. What is k(-9)?
-12
Let u(d) = d**3 - 14*d**2 + 10*d + 37. What is u(13)?
-2
Let i(f) = f**2 - 14*f - 1. What is i(7)?
-50
Let w(r) = -r**2 - 4*r - 9. Calculate w(-1).
-6
Let y(m) = -m**3 - 7*m**2 - 9*m + 4. What is y(-5)?
-1
Let z(v) = -7*v + 276. Give z(39).
3
Let b(n) = -n**3 + 7*n**2 + 9*n + 9. Determine b(8).
17
Let j(r) = -5*r**3 - 3*r**2 - 2*r. Determine j(-1).
4
Let j(f) = f**2 - 16*f - 56. Give j(19).
1
Let d(a) = -15*a + 57. Calculate d(5).
-18
Let v(d) = -d**2 - 4*d + 30. Calculate v(-7).
9
Let o(z) = 3*z + 23. What is o(-8)?
-1
Let g(u) = -u**3 + 13*u**2 + 16*u - 30. Calculate g(14).
-2
Let d(i) = i**2 + 9*i + 13. Calculate d(-7).
-1
Let x(i) = -i**3 - 9*i**2 + 8*i - 12. Determine x(-10).
8
Let d(p) = p**2 + 2*p - 21. What is d(0)?
-21
Let a(r) = 3*r + 10. Determine a(-4).
-2
Let r(g) = -g**3 + 4*g**2 + 24*g - 23. Calculate r(7).
-2
Let q(i) = 5*i + 7. Determine q(10).
57
Let u(n) = n**2 + 7*n - 5. Determine u(-11).
39
Let n(q) = q**2 + q + 4. Give n(-5).
24
Let r(i) = i**3 + 8*i**2 - 2*i - 9. Give r(-8).
7
Let b(h) = h**2 + 12*h - 1. What is b(-14)?
27
Let q(c) = -2*c**2 + 9*c - 8. Calculate q(5).
-13
Let g(h) = 2*h**3 + h - 1. Give g(3).
56
Let m(w) = -2*w**2 - 40*w - 3. Determine m(-19).
35
Let z(f) = f**3 + 6*f**2 - 12*f - 4. Determine z(-7).
31
Let j(w) = -w + 48. Determine j(0).
48
Let j(h) = h**3 - 3*h - 2. What is j(-1)?
0
Let s(y) = -y**2 + 12*y + 2. Determine s(12).
2
Let a(b) = b**2 + 16*b + 31. Calculate a(-14).
3
Let v(n) = n + 8. Determine v(7).
15
Let f(w) = w**3 + 14*w**2 + 5*w - 99. Determine f(-13).
5
Let c(f) = f**2 + 10*f + 11. Determine c(-9).
2
Let s(j) = -13*j**2 - 2*j + 1. Calculate s(1).
-14
Let m(h) = h**3 - 4*h**2 + 4*h + 1. Give m(3).
4
Let r(g) = -11*g + 27. What is r(2)?
5
Let z(n) = -n - 27. Give z(-31).
4
Let b(s) = -s**3 + 8*s**2 + 2*s + 6. What is b(8)?
22
Let z(m) = m + 33. What is z(-12)?
21
Let o(n) = -n + 110. Calculate o(0).
110
Let c(k) = -4*k**2 - 75*k - 1. What is c(-19)?
-20
Let z(g) = -26*g + 331. Give z(13).
-7
Let j(q) = -3*q**2 + 9*q + 24. Determine j(-3).
-30
Let v(h) = -h**3 - 14*h**2 - 12*h + 20. Calculate v(-13).
7
Let w(j) = -j**3 - 13*j**2 - 13*j + 5. Determine w(-12).
17
Let c(x) = 4*x - 33. What is c(12)?
15
Let w(x) = 35*x. Determine w(1).
35
Let p(n) = 4*n + 10. Calculate p(-5).
-10
Let i(o) = o**3 + 11*o**2 + 10*o + 5. Determine i(-10).
5
Let q(w) = -30*w - 12. What is q(-4)?
108
Let z(p) = -13*p**2 - 2*p - 2. What is z(2)?
-58
Let l(p) = -p**3 + 21*p**2 - 29*p - 178. Determine l(19).
-7
Let h(m) = -m**2 + m - 1. Give h(-3).
-13
Let i(p) = -p**3 - 4*p**2 + 6*p - 3. Calculate i(-5).
-8
Let i(s) = -s**2 - 8*s - 8. Calculate i(-9).
-17
Let j(p) = 16*p + 241. What is j(-15)?
1
Let t(q) = 3*q**3 + 2*q**2 + 1. Calculate t(-2).
-15
Let c(j) = j**3 - 6*j**2 - 3*j + 8. Giv